en thousands digit of 3446881?
4
What is the hundreds digit of 152016?
0
What is the hundred thousands digit of 23230019?
2
What is the ten thousands digit of 3094615?
9
What is the ten thousands digit of 28257584?
5
What is the ten thousands digit of 450184?
5
What is the thousands digit of 105823?
5
What is the tens digit of 4087111?
1
What is the millions digit of 3033078?
3
What is the thousands digit of 334246?
4
What is the hundreds digit of 16672476?
4
What is the tens digit of 9333407?
0
What is the hundreds digit of 498507?
5
What is the hundred thousands digit of 312498?
3
What is the hundreds digit of 638553?
5
What is the ten millions digit of 28582718?
2
What is the ten thousands digit of 902848?
0
What is the ten thousands digit of 7563640?
6
What is the hundred thousands digit of 855906?
8
What is the hundred thousands digit of 5562287?
5
What is the hundreds digit of 551988?
9
What is the hundred thousands digit of 1720696?
7
What is the hundred thousands digit of 275267?
2
What is the millions digit of 1656620?
1
What is the thousands digit of 205144?
5
What is the hundred thousands digit of 11005145?
0
What is the thousands digit of 689505?
9
What is the hundred thousands digit of 22478739?
4
What is the hundreds digit of 626244?
2
What is the ten thousands digit of 130505?
3
What is the hundred thousands digit of 202318?
2
What is the hundreds digit of 587425?
4
What is the units digit of 3802664?
4
What is the tens digit of 730872?
7
What is the thousands digit of 835738?
5
What is the hundreds digit of 1262319?
3
What is the thousands digit of 163606?
3
What is the hundreds digit of 17993665?
6
What is the hundred thousands digit of 4974582?
9
What is the ten thousands digit of 2917818?
1
What is the millions digit of 2428575?
2
What is the tens digit of 158819?
1
What is the hundred thousands digit of 162802?
1
What is the millions digit of 20906598?
0
What is the thousands digit of 12466717?
6
What is the units digit of 187547?
7
What is the hundred thousands digit of 452341?
4
What is the hundred thousands digit of 174969?
1
What is the tens digit of 261312?
1
What is the tens digit of 321820?
2
What is the hundred thousands digit of 169961?
1
What is the ten thousands digit of 28306803?
0
What is the units digit of 41117?
7
What is the thousands digit of 3612518?
2
What is the ten thousands digit of 11654219?
5
What is the tens digit of 93381?
8
What is the hundreds digit of 2001412?
4
What is the ten thousands digit of 3291239?
9
What is the hundred thousands digit of 108219?
1
What is the millions digit of 8431888?
8
What is the ten thousands digit of 183928?
8
What is the thousands digit of 68017?
8
What is the ten thousands digit of 70334?
7
What is the thousands digit of 3333928?
3
What is the hundreds digit of 252540?
5
What is the hundred thousands digit of 168346?
1
What is the thousands digit of 2519688?
9
What is the hundreds digit of 1444094?
0
What is the tens digit of 678993?
9
What is the ten thousands digit of 60881?
6
What is the hundred thousands digit of 33077706?
0
What is the hundred thousands digit of 9303889?
3
What is the ten thousands digit of 61621?
6
What is the ten millions digit of 17071276?
1
What is the thousands digit of 120346?
0
What is the hundreds digit of 4594981?
9
What is the tens digit of 57106?
0
What is the ten thousands digit of 191852?
9
What is the thousands digit of 27441?
7
What is the millions digit of 3724964?
3
What is the tens digit of 1027074?
7
What is the thousands digit of 25602836?
2
What is the thousands digit of 1689844?
9
What is the ten thousands digit of 2901737?
0
What is the thousands digit of 9391670?
1
What is the thousands digit of 8565144?
5
What is the ten thousands digit of 24191853?
9
What is the hundred thousands digit of 3038869?
0
What is the ten thousands digit of 220164?
2
What is the millions digit of 3303292?
3
What is the thousands digit of 295003?
5
What is the tens digit of 449986?
8
What is the ten thousands digit of 878115?
7
What is the thousands digit of 5650683?
0
What is the millions digit of 11048729?
1
What is the thousands digit of 64302?
4
What is the units digit of 109739?
9
What is the hundreds digit of 2233273?
2
What is the hundreds digit of 722991?
9
What is the units digit of 85904?
4
What is the tens digit of 41923192?
9
What is the thousands digit of 2278416?
8
What is the ten thousands digit of 82764?
8
What is the ten thousands digit of 920051?
2
What is the ten thousands digit of 3077129?
7
What is the tens digit of 234062?
6
What is the hundreds digit of 11025283?
2
What is the units digit of 2074699?
9
What is the units digit of 30883?
3
What is the hundred thousands digit of 498892?
4
What is the thousands digit of 3604063?
4
What is the hundred thousands digit of 188623?
1
What is the ten thousands digit of 436687?
3
What is the ten thousands digit of 191348?
9
What is the millions digit of 3287565?
3
What is the ten thousands digit of 867219?
6
What is the tens digit of 4751480?
8
What is the thousands digit of 10407677?
7
What is the hundred thousands digit of 620706?
6
What is the tens digit of 102728?
2
What is the millions digit of 4928862?
4
What is the units digit of 120633?
3
What is the millions digit of 11025296?
1
What is the ten thousands digit of 291913?
9
What is the hundred thousands digit of 631771?
6
What is the hundreds digit of 7705?
7
What is the ten thousands digit of 146898?
4
What is the units digit of 3374248?
8
What is the ten thousands digit of 4354558?
5
What is the units digit of 6362654?
4
What is the millions digit of 1670523?
1
What is the hundred thousands digit of 20647043?
6
What is the thousands digit of 19275950?
5
What is the units digit of 8867216?
6
What is the thousands digit of 5173604?
3
What is the thousands digit of 162264?
2
What is the tens digit of 10630740?
4
What is the hundred thousands digit of 3269756?
2
What is the tens digit of 6352688?
8
What is the tens digit of 192963?
6
What is the tens digit of 236323?
2
What is the units digit of 748675?
5
What is the units digit of 505542?
2
What is the hundred thousands digit of 394254?
3
What is the thousands digit of 124061?
4
What is the ten thousands digit of 508407?
0
What is the hundred thousands digit of 835044?
8
What is the units digit of 674683?
3
What is the millions digit of 7999188?
7
What is the ten thousands digit of 324510?
2
What is the tens digit of 230327?
2
What is the hundreds digit of 3285311?
3
What is the millions digit of 5998293?
5
What is the hundreds digit of 192517?
5
What is the tens digit of 6335865?
6
What is the hundred thousands digit of 29604698?
6
What is the tens digit of 205388?
8
What is the ten thousands digit of 3069172?
6
What is the units digit of 164259?
9
What is the units digit of 254682?
2
What is the tens digit of 3436194?
9
What is the ten millions digit of 27873304?
2
What is the tens digit of 423991?
9
What is the ten thousands digit of 4601969?
0
What is the tens digit of 4824750?
5
What is the units digit of 4197176?
6
What is the ten thousands digit of 1271413?
7
What is the units digit of 3688723?
3
What is the hundreds digit of 5785608?
6
What is the tens digit of 2373416?
1
What is the hundred thousands digit of 1742784?
7
What is the thousands digit of 166585?
6
What is the hundred thousands digit of 335257?
3
What is the units digit of 21981445?
5
What is the thousands digit of 781900?
1
What is the tens digit of 230656?
5
What is the hundred thousands digit of 231884?
2
What is the tens digit of 4732232?
3
What is the units digit of 4678567?
7
What is the units digit of 425542?
2
What is the millions digit of 1526866?
1
What is the tens digit of 45809?
0
What is the thousands digit of 682323?
2
What is the tens digit of 2849474?
7
What is the tens digit of 2218012?
1
What is the millions digit of 5129373?
5
What is the hundred thousands digit of 477094?
4
What is the tens digit of 7245659?
5
What is the units digit of 1972243?
3
What is the hundreds digit of 34336144?
1
What is the hundreds digit of 3237621?
6
What is the millions digit of 8249892?
8
What is the millions digit of 3234625?
3
What is the millions digit of 5831802?
5
What is the tens digit of 45